 = 1 + 4. Suppose 7 = c - m*p, 2*p + 2*p + 28 = 4*c. Is c composite?
False
Let x(r) = -r**2 - 2*r + 4. Suppose -m = -5*f + 4*m - 30, 2*f + 4 = -2*m. Let c be x(f). Is (-3 + 1)/(c/30) a prime number?
False
Let p = -82 + 135. Is p prime?
True
Is ((946*2)/4)/1 a composite number?
True
Let l(h) = 423*h - 87. Is l(10) a prime number?
False
Suppose -c + 6 = -4*c. Let w be ((-2)/c)/(2/(-254)). Let b = w - -258. Is b prime?
True
Let n = -4 + 7. Suppose -y + 5*y = -3*x + 389, -121 = -x + n*y. Is x a prime number?
True
Suppose 2*w - 10 = 0, 5*w - 33 = -o - 3*o. Suppose -3*z - 5*p = 6, -2*z - o*z + 15 = -p. Is z a prime number?
True
Let d(n) = n**2 - 10*n - 9. Let o be d(11). Let l be (o + 1891)*(-1)/3. Is 14/21 - l/3 composite?
False
Let n(u) = -u**2 - 16*u - 8. Is n(-9) composite?
True
Suppose 4*x = 8*x - 3484. Suppose 5*p - 564 - x = 0. Is p a prime number?
False
Let c be 4/(-14) - (-48)/21. Suppose 476 = c*g + 2*g. Is g a composite number?
True
Suppose -p - 78 = -1577. Is p a composite number?
False
Let p(j) be the second derivative of j**5/4 - j**4/12 + 7*j**2/2 - j. Let r be p(6). Suppose -5*g - 4*l + r = 0, l = -g + 4*l + 214. Is g prime?
True
Let l be (-3)/((2 + -3)*1). Is (2/(-4))/(l/(-402)) composite?
False
Let t(h) be the third derivative of -3*h**2 - 1/60*h**5 + 3/8*h**4 + 0*h + 1/2*h**3 + 0. Is t(8) prime?
True
Let u = 6 + -3. Suppose 0 = u*i - 8 - 79. Let g = 120 - i. Is g a prime number?
False
Is (-6 + 4 + 1)/(1/(-431)) a composite number?
False
Is 5385 + (5 - (5 + 4)) composite?
False
Let q = -5 + 9. Suppose -q*t - t = 0. Suppose 5*z = 0, t*b - 2*b - 2*z = -26. Is b a composite number?
False
Suppose 0*w = -w + 2. Let t be (-28)/6*(w - -64). Is (t/6)/(4/(-6)) prime?
False
Let h(f) = 169*f + 3. Is h(10) prime?
True
Let i(q) = -q**2 - 9*q + 10. Let r be i(-10). Suppose -4*m + 2*m + 382 = r. Is m a prime number?
True
Let z be 22659/12 - 1/4. Suppose -252 = 5*o + z. Is o/(-28) + (-2)/7 prime?
False
Let j be ((-8)/(-3))/(4/6). Suppose 0 = j*g - 4 - 12. Suppose -y + g*y = 1239. Is y a prime number?
False
Let v(t) = -10*t + 1. Let z be v(-3). Let a = z - 16. Suppose -a = r - 2*r. Is r a composite number?
True
Suppose t = 2*t - 67. Is t composite?
False
Let p = 560 - 311. Suppose 3*c = 2*g - 7*g + p, 2*g - 4*c - 110 = 0. Is g composite?
True
Let c = 6514 + -4461. Is c prime?
True
Is ((-45)/(-30))/(11477/11474 + -1) composite?
False
Let w = -68 - -116. Suppose 4*x + k - w = 71, 0 = 2*x - 3*k - 77. Is x prime?
True
Let b = 17 - 15. Suppose 5*v = 2*d - 197, -d - b*v + 94 = -6*v. Is d a prime number?
False
Let o(f) = -5*f**3 - 3*f**2 - 3*f - 4. Let h(n) = -n. Let s be h(3). Let c be o(s). Let d = -10 + c. Is d a prime number?
True
Suppose 4*y + 30 + 10 = 0. Let k(n) = -n. Is k(y) a composite number?
True
Is (((-6)/(-2))/6)/((-4)/(-10888)) a prime number?
True
Suppose 170 + 121 = 2*f + g, 3*g = 4*f - 577. Is f composite?
True
Let z(m) = 86*m - 2. Let t be z(4). Let c = -11 - -16. Suppose 0*i - i = 5*s - t, 0 = 2*s - c*i - 153. Is s a prime number?
False
Let p(w) = -2*w**2 + 2*w - 1. Let b be p(1). Let i be -2 - (8 - (b - 0)). Is 4/2 - i*5 a composite number?
True
Suppose 0 = -2*j + 22 - 0. Let a(t) = t**3 - 10*t**2 + 13*t + 1. Is a(j) composite?
True
Let d = -24 - -65. Suppose 0 = 3*a - 9, -2*m - 6 = 3*a - d. Is m prime?
True
Let v be (-465)/10*52/(-6). Is v + 3/(-9)*0 a prime number?
False
Suppose 6*f + 3*w - 1780 = 2*f, -5*w + 445 = f. Is f a composite number?
True
Suppose y + 14 = 91. Is y composite?
True
Let w(s) = -s**3 - 4*s**2 + 2. Let m be w(-4). Let f(x) = 4 + x + 0*x**m + 13*x - x**2. Is f(7) a composite number?
False
Let c = -536 - -1123. Is c a composite number?
False
Is -4*-1*(-37165)/(-20) a composite number?
False
Suppose 3*n - 1191 = 2*h, -n + h - 42 = -439. Is n prime?
True
Let k(a) = -a**2 - 10*a. Let u be k(-7). Suppose 14 + 1 = -5*c, w + 4*c + u = 0. Let s(y) = 2*y**2 - 9*y - 8. Is s(w) composite?
True
Let n = 2163 + -871. Let y = n + -902. Suppose -y = s - 4*s - 3*j, -j = 3*s - 384. Is s composite?
False
Suppose 0 = 2*r - 2 - 4. Suppose 0 = -2*y - 2, r*y + 4 = 5*z - y. Suppose -2*s + o = s - 280, 2*o - 10 = z. Is s composite?
True
Let n be (-1 + 4)*13 + -1. Let r be (-18)/4*(-22)/33. Suppose -r*m = -121 - n. Is m prime?
True
Let a(m) = 10*m**2 + 4*m + 1. Let i be a(-3). Let v = -5 + i. Is v a prime number?
False
Suppose 5*w = d - 40, 0 = -2*d - w - 0*w + 25. Let t = d - 2. Suppose 68 - t = s. Is s composite?
True
Let w = -366 - -560. Is w a prime number?
False
Let l = 3 - 5. Let y be -2 + 2 + l + 2. Suppose -2*p + 86 = -4*r, 149 = 3*p - y*p - r. Is p a composite number?
True
Suppose -2 = -2*b + b. Is b a composite number?
False
Suppose 3 + 12 = -3*w. Let d(k) = -k - 1. Let n be d(w). Suppose 5*i - 53 = n*i. Is i composite?
False
Let k = 1 + -1. Suppose 10 = 2*p - 0*p, -5*a + 5*p - 30 = k. Is 1 + 10 + a + 1 prime?
True
Let v(g) = -3*g - 4. Let p be v(-7). Let n = p + 63. Let r = n - -41. Is r prime?
False
Let o be (2 - 10)*3/(-6). Suppose -462 - 182 = -o*z. Is z prime?
False
Let h = 453 - 304. Is h a composite number?
False
Suppose 9*s - 9608 - 751 = 0. Is s a composite number?
False
Suppose -496 = -2*o + o - 3*w, w - 2028 = -4*o. Suppose 2*v = 4*v - 5*z - o, 5*z = -5*v + 1305. Is v a prime number?
False
Suppose 0 = -10*c + 8*c + 446. Is c a composite number?
False
Suppose -f + 287 = 4*d - 550, -5*f = 4*d - 841. Is d a prime number?
False
Suppose 3*g + 1 = -c, -5*g + 0 - 5 = 0. Suppose 4*n = -5*f + 291, c*f + 3*n = f + 67. Is f a prime number?
False
Let h(s) = -s**3 - 5*s**2 + 5*s - 4. Let z be h(-6). Let d(v) = 23 + v**z - v + v + v. Is d(0) prime?
True
Suppose -42*w + 43*w - 481 = 0. Is w a prime number?
False
Let q = -13 + 18. Let g be 2263/q - 9/15. Suppose h + h = 0, 3*h = -4*d + g. Is d a composite number?
False
Suppose -2*y - 6 = -4*a, -4*y + 3 = -3*a - y. Is 45/4 + a/(-16) a composite number?
False
Let a = -2500 - -3779. Suppose 5*v + 2*o = 4*o + a, -v = -4*o - 263. Is (1*-1)/((-3)/v) prime?
False
Is 2 - (-13)/(-6) - (-89198)/12 a prime number?
True
Let c(d) = 101*d + 2. Let i be c(2). Suppose i = 2*y - 152. Is y a composite number?
True
Let z = 7 + 6. Let u be 2 + (1 - 0)*-3. Let s = z - u. Is s composite?
True
Let q(o) = o + 10. Let t be q(-7). Let i be -57*1*t/(-9). Suppose -2*s + 83 = -5*b, 3*b = 4*s - i - 140. Is s a prime number?
False
Let f = -1193 + 3028. Is f composite?
True
Let z(s) be the third derivative of -23*s**5/60 + s**4/8 - s**3/2 + 3*s**2. Let n be z(-6). Is n/(-11) - 6/33 prime?
False
Let j be (140/(-6))/(2/(-21)). Let r = j - 113. Let m = r - 79. Is m prime?
True
Let t be (-3)/(-3) - (-1 + 4). Is (t/(-4))/(2/24) composite?
True
Let f = 3 - 1. Let x(a) = -15*a + 5. Let z be x(-18). Suppose -7*t + f*t + z = 0. Is t prime?
False
Let k(g) = -8*g - 1. Let z be ((-3)/2)/((-3)/40). Suppose -3*y - y = z. Is k(y) composite?
True
Let d(a) = -16*a**2 + a - 3. Let o be d(-4). Let q = -105 - o. Is q prime?
False
Let j = -9 + 6. Is 36/27 + (-551)/j composite?
True
Let z(a) = a**2 + 4*a + 2. Let y be z(-4). Suppose y*l - 4*b = 4*l - 130, -l - 4*b + 63 = 0. Is l composite?
False
Let u be (-61)/7 - 10/35. Let v be (212/12)/((-1)/u). Suppose -3*c + 171 = h, 3*c + 8*h - 3*h - v = 0. Is c a composite number?
True
Let k(h) = -h + 10. Let l be k(8). Suppose p + 4 = 2*d - 4, -l*p - 4 = 0. Suppose z = 2*t + 39, -d*z + t + 87 = 5*t. Is z a composite number?
True
Suppose -807 + 6897 = -3*k + 5*b, -3*b = 4*k + 8149. Is k/(-11) + 4/2 a composite number?
True
Suppose t + 2*o - 140 = -3*t, o = 5*t - 182. Suppose 4*p + 3*g + g - t = 0, p + 11 = 4*g. Suppose -p*d + 73 = 23. Is d a composite number?
True
Let f(a) = -a**3 - 9*a**2 - 3*a + 12. Is f(-10) a prime number?
False
Let h(a) = 3*a**2 + 6*a - 5. Let g(y) = -y**2 + 13*y - 8. Let n be g(12). Suppose -2*b = n*o - 8, 2*b + 2*o = 5*o + 8. Is h(b) a composite number?
False
Let r(c) = 3*c**2 - 3*c - 2. Let i be r(-2). Suppose -4*v - i = -124. Let d = v - 4. Is d composite?
False
Let k = 10379 - 5410. Is k composite?
False
Suppose 0 = i - 0*i - 5*m - 292, 0 = 3*i + 4*m - 857. Is i a composite number?
True
Let u = 6 - 8. Let x(t) = -34*t - 3. Is x(u) a composite number?
True
Is ((-1451)/3)/(4/(-60)) a prime number?
False
Let b = -3718 - -6437. Is b composite?
False
Let w(i) = i**2 + 3